{"id":30294,"date":"2024-10-12T16:40:00","date_gmt":"2024-10-12T14:40:00","guid":{"rendered":"https:\/\/www.afbrno.cz\/?post_type=kultura&#038;p=30294"},"modified":"2025-10-27T22:01:07","modified_gmt":"2025-10-27T21:01:07","slug":"vingt-dieux","status":"publish","type":"kultura","link":"https:\/\/www.afbrno.cz\/fr\/kultura\/vingt-dieux\/","title":{"rendered":"Vingt Dieux"},"content":{"rendered":"\n<p><strong>Louise Courvoisier<\/strong><\/p>\n\n\n\n<p>2024 | France<\/p>\n\n\n\n<p>90 min.<\/p>\n\n\n\n<p>version fran\u00e7aise avec sous-titres tch\u00e8ques<\/p>\n\n\n\n<p>Avec Cl\u00e9ment Faveau, Luna Garret, Mathis Bernard, Dimitry Baudry, Ma\u00efwene Barthelemy<\/p>\n\n\n\n<p>Totone, 18 ans, passe le plus clair de son temps \u00e0 boire des bi\u00e8res et \u00e9cumer les bals du Jura avec sa bande de potes. Mais la r\u00e9alit\u00e9 le rattrape : il doit s\u2019occuper de sa petite s\u0153ur de 7 ans et trouver un moyen de gagner sa vie. Il se met alors en t\u00eate de fabriquer le meilleur comt\u00e9 de la r\u00e9gion, celui avec lequel il remporterait la m\u00e9daille d&rsquo;or du concours agricole et 30 000 euros.<\/p>\n\n\n\n<p>Cannes 2024 : Un certain regard \u2013 Le prix de la Jeunesse<\/p>\n\n\n\n<p>Avant-premi\u00e8re dans le cadre du\u00a0<a href=\"https:\/\/www.afbrno.cz\/fr\/fff-2025\/\" target=\"_blank\" rel=\"noreferrer noopener\">27e Festival du Film Fran\u00e7ais<\/a>.<\/p>\n","protected":false},"excerpt":{"rendered":"<p>Festival du film fran\u00e7ais 2024<\/p>\n<p>Totone, 18 ans, passe le plus clair de son temps \u00e0 boire des bi\u00e8res et \u00e9cumer les bals du Jura avec sa bande de potes. Mais la r\u00e9alit\u00e9 le rattrape : il doit s\u2019occuper de sa petite s\u0153ur de 7 ans et trouver un moyen de gagner sa vie. Il se met alors en t\u00eate de fabriquer le meilleur comt\u00e9 de la r\u00e9gion, celui avec lequel il remporterait la m\u00e9daille d&rsquo;or du concours agricole et 30 000 euros.<\/p>\n","protected":false},"featured_media":30292,"parent":0,"template":"","zarazeni":[60],"class_list":["post-30294","kultura","type-kultura","status-publish","has-post-thumbnail","hentry","zarazeni-evenements-passes"],"acf":[],"_links":{"self":[{"href":"https:\/\/www.afbrno.cz\/fr\/wp-json\/wp\/v2\/kultura\/30294","targetHints":{"allow":["GET"]}}],"collection":[{"href":"https:\/\/www.afbrno.cz\/fr\/wp-json\/wp\/v2\/kultura"}],"about":[{"href":"https:\/\/www.afbrno.cz\/fr\/wp-json\/wp\/v2\/types\/kultura"}],"version-history":[{"count":8,"href":"https:\/\/www.afbrno.cz\/fr\/wp-json\/wp\/v2\/kultura\/30294\/revisions"}],"predecessor-version":[{"id":30345,"href":"https:\/\/www.afbrno.cz\/fr\/wp-json\/wp\/v2\/kultura\/30294\/revisions\/30345"}],"wp:featuredmedia":[{"embeddable":true,"href":"https:\/\/www.afbrno.cz\/fr\/wp-json\/wp\/v2\/media\/30292"}],"wp:attachment":[{"href":"https:\/\/www.afbrno.cz\/fr\/wp-json\/wp\/v2\/media?parent=30294"}],"wp:term":[{"taxonomy":"zarazeni","embeddable":true,"href":"https:\/\/www.afbrno.cz\/fr\/wp-json\/wp\/v2\/zarazeni?post=30294"}],"curies":[{"name":"wp","href":"https:\/\/api.w.org\/{rel}","templated":true}]}}

<p><strong>Louise Courvoisier</strong></p>



<p>2024 | France</p>



<p>90 min.</p>



<p>version française avec sous-titres tchèques</p>



<p>Avec Clément Faveau, Luna Garret, Mathis Bernard, Dimitry Baudry, Maïwene Barthelemy</p>



<p>Totone, 18 ans, passe le plus clair de son temps à boire des bières et écumer les bals du Jura avec sa bande de potes. Mais la réalité le rattrape : il doit s’occuper de sa petite sœur de 7 ans et trouver un moyen de gagner sa vie. Il se met alors en tête de fabriquer le meilleur comté de la région, celui avec lequel il remporterait la médaille d&rsquo;or du concours agricole et 30 000 euros.</p>



<p>Cannes 2024 : Un certain regard – Le prix de la Jeunesse</p>



<p>Avant-première dans le cadre du <a href="https://www.afbrno.cz/fr/fff-2025/" target="_blank" rel="noreferrer noopener">27e Festival du Film Français</a>.</p>

<p>Festival du film français 2024</p>
<p>Totone, 18 ans, passe le plus clair de son temps à boire des bières et écumer les bals du Jura avec sa bande de potes. Mais la réalité le rattrape : il doit s’occuper de sa petite sœur de 7 ans et trouver un moyen de gagner sa vie. Il se met alors en tête de fabriquer le meilleur comté de la région, celui avec lequel il remporterait la médaille d&rsquo;or du concours agricole et 30 000 euros.</p>
