{"id":29875,"date":"2024-09-20T20:44:18","date_gmt":"2024-09-20T18:44:18","guid":{"rendered":"https:\/\/www.afbrno.cz\/?post_type=kultura&#038;p=29875"},"modified":"2024-09-30T09:58:57","modified_gmt":"2024-09-30T07:58:57","slug":"immediatus-biennale-2024","status":"publish","type":"kultura","link":"https:\/\/www.afbrno.cz\/fr\/kultura\/immediatus-biennale-2024\/","title":{"rendered":"IMMEDIATUS BIENNALE 2024"},"content":{"rendered":"\n<p><strong>Mezin\u00e1rodn\u00ed festival improvizace a instantn\u00ed kompozice&nbsp;<em>Immediatus Biennale<\/em>&nbsp;se kon\u00e1 do 21. do 29. z\u00e1\u0159\u00ed na r\u016fzn\u00fdch m\u00edstech v Brn\u011b \u2013&nbsp;Klub Leitnerova, Sklepn\u00ed sc\u00e9na CED, Kav\u00e1rna Trojka, Distillery a dal\u0161\u00ed.<\/strong><\/p>\n\n\n\n<p><em>Immediatus Biennale 2024<\/em>&nbsp;je prvn\u00edm ro\u010dn\u00edkem mezin\u00e1rodn\u00edho festivalu improvizace a instantn\u00ed kompozice tance a hudby v Brn\u011b. Festival p\u0159in\u00e1\u0161\u00ed sv\u011b\u017e\u00ed performativn\u00ed konstelace vznikaj\u00edc\u00ed propojen\u00edm m\u00edstn\u00edch a mezin\u00e1rodn\u00edch um\u011blc\u016f z oblasti tance a hudby. Krom\u011b hlavn\u00edho festivalov\u00e9ho programu nab\u00eddne tak\u00e9 doprovodn\u00fd program v podob\u011b dvou tane\u010dn\u00edch workshop\u016f, pohybov\u00e9 a divadeln\u00ed masterclass, p\u0159edn\u00e1\u0161ky a diskuze s um\u011blci a prostor pro setk\u00e1n\u00ed s um\u011blci.<\/p>\n\n\n\n<p><strong>Um\u011blci:<\/strong>\u00a0Lily Kiara, Gianna Gruenig, NNN Dance \u2013 Maija Ripatti, Yeonji Han, Charlotte B\u00f6ttger, Pasi M\u00e4kel\u00e4, Christa St\u00f6ffelbauer, Silvia Bruckner, Berrak Yedek, \u0160tefan Szab\u00f3, CreWcollective \u2013 Jana Novorytov\u00e1 \/ Mish Rais, Mirka Elia\u0161ov\u00e1, V\u00e1clav Kalivoda, Ivan Palack\u00fd, Jaroslav \u0160\u0165astn\u00fd, M\u00ed\u0161a Ondra\u0161\u00ednov\u00e1, Dalibor Bu\u0161, Robie Legros, Tom\u00e1\u0161 Janypka a dal\u0161\u00ed.<\/p>\n\n\n\n<p>V r\u00e1mci festivalu vystoup\u00ed tak\u00e9 <strong>francouz\u0161t\u00ed um\u011blci Yoram Rosilio<\/strong>, <strong>Quentin Rollet<\/strong> a <strong>Matthieu Legros<\/strong>.<\/p>\n\n\n\n<p>Sledujte festival IMMEDIATUS BIENNALE 2024 na <a href=\"https:\/\/immediatusbiennale.orbita.space\" target=\"_blank\" data-type=\"link\" data-id=\"https:\/\/immediatusbiennale.orbita.space\" rel=\"noreferrer noopener\">webu<\/a> a na soci\u00e1ln\u00edch s\u00edt\u00edch:<\/p>\n\n\n\n<ul class=\"wp-block-social-links is-layout-flex wp-block-social-links-is-layout-flex\"><li class=\"wp-social-link wp-social-link-facebook  wp-block-social-link\"><a href=\"https:\/\/www.facebook.com\/people\/Immediatus-Biennale\/61556472331542\/\" class=\"wp-block-social-link-anchor\" target=\"_blank\" rel=\"noopener\"><svg width=\"24\" height=\"24\" viewBox=\"0 0 24 24\" version=\"1.1\" xmlns=\"http:\/\/www.w3.org\/2000\/svg\" aria-hidden=\"true\" focusable=\"false\"><path d=\"M12 2C6.5 2 2 6.5 2 12c0 5 3.7 9.1 8.4 9.9v-7H7.9V12h2.5V9.8c0-2.5 1.5-3.9 3.8-3.9 1.1 0 2.2.2 2.2.2v2.5h-1.3c-1.2 0-1.6.8-1.6 1.6V12h2.8l-.4 2.9h-2.3v7C18.3 21.1 22 17 22 12c0-5.5-4.5-10-10-10z\"><\/path><\/svg><span class=\"wp-block-social-link-label screen-reader-text\">Facebook<\/span><\/a><\/li>\n\n<li class=\"wp-social-link wp-social-link-instagram  wp-block-social-link\"><a href=\"https:\/\/www.instagram.com\/immediatus_\/\" class=\"wp-block-social-link-anchor\" target=\"_blank\" rel=\"noopener\"><svg width=\"24\" height=\"24\" viewBox=\"0 0 24 24\" version=\"1.1\" xmlns=\"http:\/\/www.w3.org\/2000\/svg\" aria-hidden=\"true\" focusable=\"false\"><path d=\"M12,4.622c2.403,0,2.688,0.009,3.637,0.052c0.877,0.04,1.354,0.187,1.671,0.31c0.42,0.163,0.72,0.358,1.035,0.673 c0.315,0.315,0.51,0.615,0.673,1.035c0.123,0.317,0.27,0.794,0.31,1.671c0.043,0.949,0.052,1.234,0.052,3.637 s-0.009,2.688-0.052,3.637c-0.04,0.877-0.187,1.354-0.31,1.671c-0.163,0.42-0.358,0.72-0.673,1.035 c-0.315,0.315-0.615,0.51-1.035,0.673c-0.317,0.123-0.794,0.27-1.671,0.31c-0.949,0.043-1.233,0.052-3.637,0.052 s-2.688-0.009-3.637-0.052c-0.877-0.04-1.354-0.187-1.671-0.31c-0.42-0.163-0.72-0.358-1.035-0.673 c-0.315-0.315-0.51-0.615-0.673-1.035c-0.123-0.317-0.27-0.794-0.31-1.671C4.631,14.688,4.622,14.403,4.622,12 s0.009-2.688,0.052-3.637c0.04-0.877,0.187-1.354,0.31-1.671c0.163-0.42,0.358-0.72,0.673-1.035 c0.315-0.315,0.615-0.51,1.035-0.673c0.317-0.123,0.794-0.27,1.671-0.31C9.312,4.631,9.597,4.622,12,4.622 M12,3 C9.556,3,9.249,3.01,8.289,3.054C7.331,3.098,6.677,3.25,6.105,3.472C5.513,3.702,5.011,4.01,4.511,4.511 c-0.5,0.5-0.808,1.002-1.038,1.594C3.25,6.677,3.098,7.331,3.054,8.289C3.01,9.249,3,9.556,3,12c0,2.444,0.01,2.751,0.054,3.711 c0.044,0.958,0.196,1.612,0.418,2.185c0.23,0.592,0.538,1.094,1.038,1.594c0.5,0.5,1.002,0.808,1.594,1.038 c0.572,0.222,1.227,0.375,2.185,0.418C9.249,20.99,9.556,21,12,21s2.751-0.01,3.711-0.054c0.958-0.044,1.612-0.196,2.185-0.418 c0.592-0.23,1.094-0.538,1.594-1.038c0.5-0.5,0.808-1.002,1.038-1.594c0.222-0.572,0.375-1.227,0.418-2.185 C20.99,14.751,21,14.444,21,12s-0.01-2.751-0.054-3.711c-0.044-0.958-0.196-1.612-0.418-2.185c-0.23-0.592-0.538-1.094-1.038-1.594 c-0.5-0.5-1.002-0.808-1.594-1.038c-0.572-0.222-1.227-0.375-2.185-0.418C14.751,3.01,14.444,3,12,3L12,3z M12,7.378 c-2.552,0-4.622,2.069-4.622,4.622S9.448,16.622,12,16.622s4.622-2.069,4.622-4.622S14.552,7.378,12,7.378z M12,15 c-1.657,0-3-1.343-3-3s1.343-3,3-3s3,1.343,3,3S13.657,15,12,15z M16.804,6.116c-0.596,0-1.08,0.484-1.08,1.08 s0.484,1.08,1.08,1.08c0.596,0,1.08-0.484,1.08-1.08S17.401,6.116,16.804,6.116z\"><\/path><\/svg><span class=\"wp-block-social-link-label screen-reader-text\">Instagram<\/span><\/a><\/li><\/ul>\n\n\n\n<p><strong>Ke sta\u017een\u00ed: <\/strong><\/p>\n\n\n\n<ul class=\"wp-block-list\">\n<li><a href=\"https:\/\/www.afbrno.cz\/wp-content\/uploads\/2024\/09\/IMMEDIATUS-BIENNALE-2024-program.pdf\" target=\"_blank\" data-type=\"link\" data-id=\"https:\/\/www.afbrno.cz\/wp-content\/uploads\/2024\/09\/IMMEDIATUS-BIENNALE-2024-program.pdf\" rel=\"noreferrer noopener\">program festivalu<\/a><\/li>\n<\/ul>\n\n\n\n<div style=\"height:37px\" aria-hidden=\"true\" class=\"wp-block-spacer\"><\/div>\n\n\n\n<h3 class=\"wp-block-heading\"><strong><mark style=\"background-color:rgba(0, 0, 0, 0)\" class=\"has-inline-color has-color-text-color\">Yoram Rosilio<\/mark><\/strong><\/h3>\n\n\n\n<p>Yoram Rosilio je baskytarista v oblasti jazzu, improvizovan\u00e9, soudob\u00e9 a tradi\u010dn\u00ed hudby. P\u016fsob\u00ed jako \u0161\u00e9f a skladatel mezin\u00e1rodn\u00edho big bandu Anti Brain Rubber Factory a v sextetu Tikkun. V\u011bnuje se tanci, performanci, malb\u011b, divadlu, socha\u0159stv\u00ed a dal\u0161\u00edm obor\u016fm. V roce 2018 spoluzalo\u017eil a od t\u00e9 doby spoluorganizuje projekt S.H.A.R.E (evropsk\u00e1 s\u00ed\u0165 v oblasti kreativn\u00ed hudby a improvizovan\u00e9ho um\u011bn\u00ed) a je organiz\u00e1torem SPIME (Mezin\u00e1rodn\u00ed festival improvizace v Pa\u0159\u00ed\u017ei). Od roku 2016 p\u016fsob\u00ed jako spoluzakladatel a um\u011bleck\u00fd \u0159editel pa\u0159\u00ed\u017esk\u00e9ho kolektivu Le Fondeur de Son a k n\u011bmu p\u0159ipojen\u00e9ho gramofonov\u00e9ho vydavatelstv\u00ed LFDS Records.<\/p>\n\n\n\n<p><a href=\"https:\/\/www.facebook.com\/YRosilio\" target=\"_blank\" data-type=\"link\" data-id=\"https:\/\/www.facebook.com\/YRosilio\" rel=\"noreferrer noopener\">Facebook<\/a><\/p>\n\n\n\n<div style=\"height:37px\" aria-hidden=\"true\" class=\"wp-block-spacer\"><\/div>\n\n\n\n<h3 class=\"wp-block-heading\"><strong><mark style=\"background-color:rgba(0, 0, 0, 0)\" class=\"has-inline-color has-color-text-color\">Quentin Rollet<\/mark><\/strong><\/h3>\n\n\n\n<p>Quentin Rollet za\u010dal hr\u00e1t na altov\u00fd saxofon v 11 letech a na sopr\u00e1nov\u00fd saxofon v 37 letech. Po n\u011bkolika letech str\u00e1ven\u00fdch odnau\u010dov\u00e1n\u00edm v\u00fduky na konzervato\u0159i se v\u011bnoval voln\u00e9 improvizaci. D\u00edky tomu se ocit\u00e1 na nahr\u00e1vk\u00e1ch nebo na p\u00f3di\u00edch s tak r\u016fznorod\u00fdmi skupinami, jako jsou Nurse With Wound, Prohibition, The Red Krayola, Mendelson, David Grubbs, Herman Dune, Akosh S. Unit\u2026 Pot\u00e9, co deset let produkoval desky pro label Rectangle, zakl\u00e1d\u00e1 v roce 2015 spole\u010dn\u011b s Isabelle Magnon label BISOU.<\/p>\n\n\n\n<p><a href=\"https:\/\/www.facebook.com\/quentin.rollet\" target=\"_blank\" data-type=\"link\" data-id=\"https:\/\/www.facebook.com\/quentin.rollet\" rel=\"noreferrer noopener\">Facebook<\/a>, <a href=\"https:\/\/www.instagram.com\/quentin_rollet\/\" target=\"_blank\" data-type=\"link\" data-id=\"https:\/\/www.instagram.com\/quentin_rollet\/\" rel=\"noreferrer noopener\">Instagram<\/a><\/p>\n\n\n\n<div style=\"height:37px\" aria-hidden=\"true\" class=\"wp-block-spacer\"><\/div>\n\n\n\n<h3 class=\"wp-block-heading\"><strong><mark style=\"background-color:rgba(0, 0, 0, 0)\" class=\"has-inline-color has-color-text-color\">Matthieu Legros<\/mark><\/strong><\/h3>\n\n\n\n<p>Matthieu Legros je v Brn\u011b etablovan\u00fd v\u00fdrobce housl\u00ed.<\/p>\n\n\n\n<p><em>\u00ab\u00a0Pro vytvo\u0159en\u00ed n\u00e1stroje je nutn\u00e9 investovat fyzicky, intelektu\u00e1ln\u011b i emocion\u00e1ln\u011b. V\u00edce ne\u017e 25 let zku\u0161enost\u00ed mi p\u0159in\u00e1\u0161\u00ed dokonalou kontrolu nad n\u00e1stroji, d\u0159evem a dal\u0161\u00edmi materi\u00e1ly, ale jen t\u00edm nen\u00ed \u00fasp\u011bch n\u00e1stroje zaru\u010den. Kvalita n\u00e1stroje z\u00e1vis\u00ed p\u0159edev\u0161\u00edm na vizi tv\u016frce, na tom, co chce vytvo\u0159it, a na jeho investici v okam\u017eiku realizace.<br>Po pr\u00e1ci pln\u00e9 \u00favah, zkoum\u00e1n\u00ed a pozorov\u00e1n\u00ed r\u00e1d vytv\u00e1\u0159\u00edm sv\u00e9 n\u00e1stroje intenzivn\u00edm a spont\u00e1nn\u00edm zp\u016fsobem, mo\u017en\u00e1 podobn\u011b jako v japonsk\u00e9 kaligrafii, kde gesto n\u00e1stroje nab\u00fdv\u00e1 ve\u0161ker\u00e9ho sv\u00e9ho v\u00fdznamu.<br>Existuje v\u0161ak i okam\u017eik, kdy n\u00e1stroj mus\u00ed na sebe nechat zapomenout, aby ponechal prostor hudb\u011b a kreativit\u011b hudebn\u00edka. Proto se zam\u011b\u0159uji zejm\u00e9na na pohodl\u00ed p\u0159i h\u0159e, vyv\u00e1\u017eenost, s\u00edlu a barvy t\u00f3nu; vlastnosti, kter\u00e9 umo\u017en\u00ed hudebn\u00edk\u016fm v\u011bnovat se v\u00fdhradn\u011b hudebn\u00edmu projevu.<br>Pokud je to mo\u017en\u00e9, r\u00e1d spolupracuji s hudebn\u00edkem od po\u010d\u00e1tku v\u00fdroby, abych poznal jeho hudebn\u00ed osobnost, akustick\u00e1 a estetick\u00e1 o\u010dek\u00e1v\u00e1n\u00ed, kter\u00e1 ur\u010d\u00ed v\u00fdb\u011br modelu, d\u0159eva a laku\u2026 Hudebn\u00edk tak m\u016f\u017ee krok za krokem sledovat zrod sv\u00e9ho n\u00e1stroje.\u00a0\u00bb<\/em><\/p>\n\n\n\n<p><a href=\"http:\/\/luthier-legros.com\" target=\"_blank\" rel=\"noreferrer noopener\">http:\/\/luthier-legros.com<\/a><\/p>\n\n\n\n<p><\/p>\n","protected":false},"excerpt":{"rendered":"<p>Prvn\u00ed ro\u010dn\u00edk mezin\u00e1rodn\u00edho festivalu improvizace a instantn\u00ed kompozice tance a hudby v Brn\u011b.<\/p>\n","protected":false},"featured_media":29885,"parent":0,"template":"","zarazeni":[58],"class_list":["post-29875","kultura","type-kultura","status-publish","has-post-thumbnail","hentry","zarazeni-archiv-akci"],"acf":[],"_links":{"self":[{"href":"https:\/\/www.afbrno.cz\/fr\/wp-json\/wp\/v2\/kultura\/29875","targetHints":{"allow":["GET"]}}],"collection":[{"href":"https:\/\/www.afbrno.cz\/fr\/wp-json\/wp\/v2\/kultura"}],"about":[{"href":"https:\/\/www.afbrno.cz\/fr\/wp-json\/wp\/v2\/types\/kultura"}],"version-history":[{"count":13,"href":"https:\/\/www.afbrno.cz\/fr\/wp-json\/wp\/v2\/kultura\/29875\/revisions"}],"predecessor-version":[{"id":29916,"href":"https:\/\/www.afbrno.cz\/fr\/wp-json\/wp\/v2\/kultura\/29875\/revisions\/29916"}],"wp:featuredmedia":[{"embeddable":true,"href":"https:\/\/www.afbrno.cz\/fr\/wp-json\/wp\/v2\/media\/29885"}],"wp:attachment":[{"href":"https:\/\/www.afbrno.cz\/fr\/wp-json\/wp\/v2\/media?parent=29875"}],"wp:term":[{"taxonomy":"zarazeni","embeddable":true,"href":"https:\/\/www.afbrno.cz\/fr\/wp-json\/wp\/v2\/zarazeni?post=29875"}],"curies":[{"name":"wp","href":"https:\/\/api.w.org\/{rel}","templated":true}]}}

<p><strong>Mezinárodní festival improvizace a instantní kompozice&nbsp;<em>Immediatus Biennale</em>&nbsp;se koná do 21. do 29. září na různých místech v Brně –&nbsp;Klub Leitnerova, Sklepní scéna CED, Kavárna Trojka, Distillery a další.</strong></p>



<p><em>Immediatus Biennale 2024</em>&nbsp;je prvním ročníkem mezinárodního festivalu improvizace a instantní kompozice tance a hudby v Brně. Festival přináší svěží performativní konstelace vznikající propojením místních a mezinárodních umělců z oblasti tance a hudby. Kromě hlavního festivalového programu nabídne také doprovodný program v podobě dvou tanečních workshopů, pohybové a divadelní masterclass, přednášky a diskuze s umělci a prostor pro setkání s umělci.</p>



<p><strong>Umělci:</strong> Lily Kiara, Gianna Gruenig, NNN Dance – Maija Ripatti, Yeonji Han, Charlotte Böttger, Pasi Mäkelä, Christa Stöffelbauer, Silvia Bruckner, Berrak Yedek, Štefan Szabó, CreWcollective – Jana Novorytová / Mish Rais, Mirka Eliašová, Václav Kalivoda, Ivan Palacký, Jaroslav Šťastný, Míša Ondrašínová, Dalibor Buš, Robie Legros, Tomáš Janypka a další.</p>



<p>V rámci festivalu vystoupí také <strong>francouzští umělci Yoram Rosilio</strong>, <strong>Quentin Rollet</strong> a <strong>Matthieu Legros</strong>.</p>



<p>Sledujte festival IMMEDIATUS BIENNALE 2024 na <a href="https://immediatusbiennale.orbita.space" target="_blank" data-type="link" data-id="https://immediatusbiennale.orbita.space" rel="noreferrer noopener">webu</a> a na sociálních sítích:</p>



<ul class="wp-block-social-links is-layout-flex wp-block-social-links-is-layout-flex"><li class="wp-social-link wp-social-link-facebook  wp-block-social-link"><a href="https://www.facebook.com/people/Immediatus-Biennale/61556472331542/" class="wp-block-social-link-anchor" target="_blank" rel="noopener"><svg width="24" height="24" viewBox="0 0 24 24" version="1.1" xmlns="http://www.w3.org/2000/svg" aria-hidden="true" focusable="false"><path d="M12 2C6.5 2 2 6.5 2 12c0 5 3.7 9.1 8.4 9.9v-7H7.9V12h2.5V9.8c0-2.5 1.5-3.9 3.8-3.9 1.1 0 2.2.2 2.2.2v2.5h-1.3c-1.2 0-1.6.8-1.6 1.6V12h2.8l-.4 2.9h-2.3v7C18.3 21.1 22 17 22 12c0-5.5-4.5-10-10-10z"></path></svg><span class="wp-block-social-link-label screen-reader-text">Facebook</span></a></li>

<li class="wp-social-link wp-social-link-instagram  wp-block-social-link"><a href="https://www.instagram.com/immediatus_/" class="wp-block-social-link-anchor" target="_blank" rel="noopener"><svg width="24" height="24" viewBox="0 0 24 24" version="1.1" xmlns="http://www.w3.org/2000/svg" aria-hidden="true" focusable="false"><path d="M12,4.622c2.403,0,2.688,0.009,3.637,0.052c0.877,0.04,1.354,0.187,1.671,0.31c0.42,0.163,0.72,0.358,1.035,0.673 c0.315,0.315,0.51,0.615,0.673,1.035c0.123,0.317,0.27,0.794,0.31,1.671c0.043,0.949,0.052,1.234,0.052,3.637 s-0.009,2.688-0.052,3.637c-0.04,0.877-0.187,1.354-0.31,1.671c-0.163,0.42-0.358,0.72-0.673,1.035 c-0.315,0.315-0.615,0.51-1.035,0.673c-0.317,0.123-0.794,0.27-1.671,0.31c-0.949,0.043-1.233,0.052-3.637,0.052 s-2.688-0.009-3.637-0.052c-0.877-0.04-1.354-0.187-1.671-0.31c-0.42-0.163-0.72-0.358-1.035-0.673 c-0.315-0.315-0.51-0.615-0.673-1.035c-0.123-0.317-0.27-0.794-0.31-1.671C4.631,14.688,4.622,14.403,4.622,12 s0.009-2.688,0.052-3.637c0.04-0.877,0.187-1.354,0.31-1.671c0.163-0.42,0.358-0.72,0.673-1.035 c0.315-0.315,0.615-0.51,1.035-0.673c0.317-0.123,0.794-0.27,1.671-0.31C9.312,4.631,9.597,4.622,12,4.622 M12,3 C9.556,3,9.249,3.01,8.289,3.054C7.331,3.098,6.677,3.25,6.105,3.472C5.513,3.702,5.011,4.01,4.511,4.511 c-0.5,0.5-0.808,1.002-1.038,1.594C3.25,6.677,3.098,7.331,3.054,8.289C3.01,9.249,3,9.556,3,12c0,2.444,0.01,2.751,0.054,3.711 c0.044,0.958,0.196,1.612,0.418,2.185c0.23,0.592,0.538,1.094,1.038,1.594c0.5,0.5,1.002,0.808,1.594,1.038 c0.572,0.222,1.227,0.375,2.185,0.418C9.249,20.99,9.556,21,12,21s2.751-0.01,3.711-0.054c0.958-0.044,1.612-0.196,2.185-0.418 c0.592-0.23,1.094-0.538,1.594-1.038c0.5-0.5,0.808-1.002,1.038-1.594c0.222-0.572,0.375-1.227,0.418-2.185 C20.99,14.751,21,14.444,21,12s-0.01-2.751-0.054-3.711c-0.044-0.958-0.196-1.612-0.418-2.185c-0.23-0.592-0.538-1.094-1.038-1.594 c-0.5-0.5-1.002-0.808-1.594-1.038c-0.572-0.222-1.227-0.375-2.185-0.418C14.751,3.01,14.444,3,12,3L12,3z M12,7.378 c-2.552,0-4.622,2.069-4.622,4.622S9.448,16.622,12,16.622s4.622-2.069,4.622-4.622S14.552,7.378,12,7.378z M12,15 c-1.657,0-3-1.343-3-3s1.343-3,3-3s3,1.343,3,3S13.657,15,12,15z M16.804,6.116c-0.596,0-1.08,0.484-1.08,1.08 s0.484,1.08,1.08,1.08c0.596,0,1.08-0.484,1.08-1.08S17.401,6.116,16.804,6.116z"></path></svg><span class="wp-block-social-link-label screen-reader-text">Instagram</span></a></li></ul>



<p><strong>Ke stažení: </strong></p>



<ul class="wp-block-list">
<li><a href="https://www.afbrno.cz/wp-content/uploads/2024/09/IMMEDIATUS-BIENNALE-2024-program.pdf" target="_blank" data-type="link" data-id="https://www.afbrno.cz/wp-content/uploads/2024/09/IMMEDIATUS-BIENNALE-2024-program.pdf" rel="noreferrer noopener">program festivalu</a></li>
</ul>



<div style="height:37px" aria-hidden="true" class="wp-block-spacer"></div>



<h3 class="wp-block-heading"><strong><mark style="background-color:rgba(0, 0, 0, 0)" class="has-inline-color has-color-text-color">Yoram Rosilio</mark></strong></h3>



<p>Yoram Rosilio je baskytarista v oblasti jazzu, improvizované, soudobé a tradiční hudby. Působí jako šéf a skladatel mezinárodního big bandu Anti Brain Rubber Factory a v sextetu Tikkun. Věnuje se tanci, performanci, malbě, divadlu, sochařství a dalším oborům. V roce 2018 spoluzaložil a od té doby spoluorganizuje projekt S.H.A.R.E (evropská síť v oblasti kreativní hudby a improvizovaného umění) a je organizátorem SPIME (Mezinárodní festival improvizace v Paříži). Od roku 2016 působí jako spoluzakladatel a umělecký ředitel pařížského kolektivu Le Fondeur de Son a k němu připojeného gramofonového vydavatelství LFDS Records.</p>



<p><a href="https://www.facebook.com/YRosilio" target="_blank" data-type="link" data-id="https://www.facebook.com/YRosilio" rel="noreferrer noopener">Facebook</a></p>



<div style="height:37px" aria-hidden="true" class="wp-block-spacer"></div>



<h3 class="wp-block-heading"><strong><mark style="background-color:rgba(0, 0, 0, 0)" class="has-inline-color has-color-text-color">Quentin Rollet</mark></strong></h3>



<p>Quentin Rollet začal hrát na altový saxofon v 11 letech a na sopránový saxofon v 37 letech. Po několika letech strávených odnaučováním výuky na konzervatoři se věnoval volné improvizaci. Díky tomu se ocitá na nahrávkách nebo na pódiích s tak různorodými skupinami, jako jsou Nurse With Wound, Prohibition, The Red Krayola, Mendelson, David Grubbs, Herman Dune, Akosh S. Unit… Poté, co deset let produkoval desky pro label Rectangle, zakládá v roce 2015 společně s Isabelle Magnon label BISOU.</p>



<p><a href="https://www.facebook.com/quentin.rollet" target="_blank" data-type="link" data-id="https://www.facebook.com/quentin.rollet" rel="noreferrer noopener">Facebook</a>, <a href="https://www.instagram.com/quentin_rollet/" target="_blank" data-type="link" data-id="https://www.instagram.com/quentin_rollet/" rel="noreferrer noopener">Instagram</a></p>



<div style="height:37px" aria-hidden="true" class="wp-block-spacer"></div>



<h3 class="wp-block-heading"><strong><mark style="background-color:rgba(0, 0, 0, 0)" class="has-inline-color has-color-text-color">Matthieu Legros</mark></strong></h3>



<p>Matthieu Legros je v Brně etablovaný výrobce houslí.</p>



<p><em>« Pro vytvoření nástroje je nutné investovat fyzicky, intelektuálně i emocionálně. Více než 25 let zkušeností mi přináší dokonalou kontrolu nad nástroji, dřevem a dalšími materiály, ale jen tím není úspěch nástroje zaručen. Kvalita nástroje závisí především na vizi tvůrce, na tom, co chce vytvořit, a na jeho investici v okamžiku realizace.<br>Po práci plné úvah, zkoumání a pozorování rád vytvářím své nástroje intenzivním a spontánním způsobem, možná podobně jako v japonské kaligrafii, kde gesto nástroje nabývá veškerého svého významu.<br>Existuje však i okamžik, kdy nástroj musí na sebe nechat zapomenout, aby ponechal prostor hudbě a kreativitě hudebníka. Proto se zaměřuji zejména na pohodlí při hře, vyváženost, sílu a barvy tónu; vlastnosti, které umožní hudebníkům věnovat se výhradně hudebnímu projevu.<br>Pokud je to možné, rád spolupracuji s hudebníkem od počátku výroby, abych poznal jeho hudební osobnost, akustická a estetická očekávání, která určí výběr modelu, dřeva a laku… Hudebník tak může krok za krokem sledovat zrod svého nástroje. »</em></p>



<p><a href="http://luthier-legros.com" target="_blank" rel="noreferrer noopener">http://luthier-legros.com</a></p>



<p></p>

<p>První ročník mezinárodního festivalu improvizace a instantní kompozice tance a hudby v Brně.</p>
