{"id":29636,"date":"2024-12-14T22:58:21","date_gmt":"2024-12-14T21:58:21","guid":{"rendered":"https:\/\/www.afbrno.cz\/?post_type=kultura&#038;p=29636"},"modified":"2025-03-04T16:48:14","modified_gmt":"2025-03-04T15:48:14","slug":"un-fils","status":"publish","type":"kultura","link":"https:\/\/www.afbrno.cz\/fr\/kultura\/un-fils\/","title":{"rendered":"Un fils"},"content":{"rendered":"\n<p>France, Tunisie, Liban, Qatar, 2019, 1h36<\/p>\n\n\n\n<p>R\u00e9alisation : Mehdi M. Barsaoui<\/p>\n\n\n\n<p>Avec : Sami Bouajila, Najla Ben Abdallah, Youssef Khemiri<\/p>\n\n\n\n<p><\/p>\n\n\n\n<p>Far\u00e8s et Meriem forment avec Aziz, leur fils de 10 ans, une famille tunisienne moderne issue d\u2019un milieu privil\u00e9gi\u00e9. Lors d\u2019une vir\u00e9e dans le sud de la Tunisie, leur voiture est prise pour cible par un groupe terroriste et le jeune gar\u00e7on est gri\u00e8vement bless\u00e9&#8230; Cet accident va bouleverser leur vie et leur couple.<\/p>\n\n\n\n<p><\/p>\n\n\n\n<p>VO sous-titr\u00e9e en anglais suivie d&rsquo;un d\u00e9bat.<\/p>\n\n\n\n<p><\/p>\n\n\n\n<p>Projection organis\u00e9e dans le cadre du <a href=\"https:\/\/www.afbrno.cz\/fr\/zarazeni\/cine-club\/\" target=\"_blank\" rel=\"noreferrer noopener\">cin\u00e9 club Pomez\u00ed<\/a>.<\/p>\n\n\n\n<p>Manifestation organis\u00e9e avec l&rsquo;appui de l&rsquo;Institut fran\u00e7ais.<\/p>\n\n\n\n<figure class=\"wp-block-image size-full is-resized\"><img loading=\"lazy\" decoding=\"async\" width=\"852\" height=\"591\" src=\"https:\/\/www.afbrno.cz\/wp-content\/uploads\/2024\/05\/IF_Logo_Sans_Bleu_RVB.png\" alt=\"\" class=\"wp-image-29044\" style=\"width:166px;height:auto\" srcset=\"https:\/\/www.afbrno.cz\/wp-content\/uploads\/2024\/05\/IF_Logo_Sans_Bleu_RVB.png 852w, https:\/\/www.afbrno.cz\/wp-content\/uploads\/2024\/05\/IF_Logo_Sans_Bleu_RVB-460x319.png 460w, https:\/\/www.afbrno.cz\/wp-content\/uploads\/2024\/05\/IF_Logo_Sans_Bleu_RVB-768x533.png 768w\" sizes=\"auto, (max-width: 852px) 100vw, 852px\" \/><\/figure>\n\n\n\n<p>Avec le soutien financier de la Ville de Brno.<\/p>\n\n\n\n<figure class=\"wp-block-image size-full is-resized\"><img loading=\"lazy\" decoding=\"async\" width=\"482\" height=\"217\" src=\"https:\/\/www.afbrno.cz\/wp-content\/uploads\/2024\/06\/Logo-mesto-Brno.png\" alt=\"\" class=\"wp-image-27886\" style=\"width:189px;height:auto\" srcset=\"https:\/\/www.afbrno.cz\/wp-content\/uploads\/2024\/06\/Logo-mesto-Brno.png 482w, https:\/\/www.afbrno.cz\/wp-content\/uploads\/2024\/06\/Logo-mesto-Brno-460x207.png 460w\" sizes=\"auto, (max-width: 482px) 100vw, 482px\" \/><\/figure>\n","protected":false},"excerpt":{"rendered":"<p>Cin\u00e9 club<\/p>\n<p>Far\u00e8s et Meriem se retrouvent dans une course contre la montre pour sauver la vie de leur enfant.<\/p>\n<p>Le C\u00e9sar du meilleur acteur.<\/p>\n","protected":false},"featured_media":29621,"parent":0,"template":"","zarazeni":[60],"class_list":["post-29636","kultura","type-kultura","status-publish","has-post-thumbnail","hentry","zarazeni-evenements-passes"],"acf":[],"_links":{"self":[{"href":"https:\/\/www.afbrno.cz\/fr\/wp-json\/wp\/v2\/kultura\/29636","targetHints":{"allow":["GET"]}}],"collection":[{"href":"https:\/\/www.afbrno.cz\/fr\/wp-json\/wp\/v2\/kultura"}],"about":[{"href":"https:\/\/www.afbrno.cz\/fr\/wp-json\/wp\/v2\/types\/kultura"}],"version-history":[{"count":4,"href":"https:\/\/www.afbrno.cz\/fr\/wp-json\/wp\/v2\/kultura\/29636\/revisions"}],"predecessor-version":[{"id":31178,"href":"https:\/\/www.afbrno.cz\/fr\/wp-json\/wp\/v2\/kultura\/29636\/revisions\/31178"}],"wp:featuredmedia":[{"embeddable":true,"href":"https:\/\/www.afbrno.cz\/fr\/wp-json\/wp\/v2\/media\/29621"}],"wp:attachment":[{"href":"https:\/\/www.afbrno.cz\/fr\/wp-json\/wp\/v2\/media?parent=29636"}],"wp:term":[{"taxonomy":"zarazeni","embeddable":true,"href":"https:\/\/www.afbrno.cz\/fr\/wp-json\/wp\/v2\/zarazeni?post=29636"}],"curies":[{"name":"wp","href":"https:\/\/api.w.org\/{rel}","templated":true}]}}

<p>France, Tunisie, Liban, Qatar, 2019, 1h36</p>



<p>Réalisation : Mehdi M. Barsaoui</p>



<p>Avec : Sami Bouajila, Najla Ben Abdallah, Youssef Khemiri</p>



<p></p>



<p>Farès et Meriem forment avec Aziz, leur fils de 10 ans, une famille tunisienne moderne issue d’un milieu privilégié. Lors d’une virée dans le sud de la Tunisie, leur voiture est prise pour cible par un groupe terroriste et le jeune garçon est grièvement blessé&#8230; Cet accident va bouleverser leur vie et leur couple.</p>



<p></p>



<p>VO sous-titrée en anglais suivie d&rsquo;un débat.</p>



<p></p>



<p>Projection organisée dans le cadre du <a href="https://www.afbrno.cz/fr/zarazeni/cine-club/" target="_blank" rel="noreferrer noopener">ciné club Pomezí</a>.</p>



<p>Manifestation organisée avec l&rsquo;appui de l&rsquo;Institut français.</p>



<figure class="wp-block-image size-full is-resized"><img loading="lazy" decoding="async" width="852" height="591" src="https://www.afbrno.cz/wp-content/uploads/2024/05/IF_Logo_Sans_Bleu_RVB.png" alt="" class="wp-image-29044" style="width:166px;height:auto" srcset="https://www.afbrno.cz/wp-content/uploads/2024/05/IF_Logo_Sans_Bleu_RVB.png 852w, https://www.afbrno.cz/wp-content/uploads/2024/05/IF_Logo_Sans_Bleu_RVB-460x319.png 460w, https://www.afbrno.cz/wp-content/uploads/2024/05/IF_Logo_Sans_Bleu_RVB-768x533.png 768w" sizes="auto, (max-width: 852px) 100vw, 852px" /></figure>



<p>Avec le soutien financier de la Ville de Brno.</p>



<figure class="wp-block-image size-full is-resized"><img loading="lazy" decoding="async" width="482" height="217" src="https://www.afbrno.cz/wp-content/uploads/2024/06/Logo-mesto-Brno.png" alt="" class="wp-image-27886" style="width:189px;height:auto" srcset="https://www.afbrno.cz/wp-content/uploads/2024/06/Logo-mesto-Brno.png 482w, https://www.afbrno.cz/wp-content/uploads/2024/06/Logo-mesto-Brno-460x207.png 460w" sizes="auto, (max-width: 482px) 100vw, 482px" /></figure>

<p>Ciné club</p>
<p>Farès et Meriem se retrouvent dans une course contre la montre pour sauver la vie de leur enfant.</p>
<p>Le César du meilleur acteur.</p>
