{"id":29633,"date":"2024-10-12T18:03:48","date_gmt":"2024-10-12T16:03:48","guid":{"rendered":"https:\/\/www.afbrno.cz\/?post_type=kultura&#038;p=29633"},"modified":"2024-11-23T12:16:19","modified_gmt":"2024-11-23T11:16:19","slug":"cleo-de-5-a-7","status":"publish","type":"kultura","link":"https:\/\/www.afbrno.cz\/fr\/kultura\/cleo-de-5-a-7\/","title":{"rendered":"Cl\u00e9o de 5 \u00e0 7"},"content":{"rendered":"\n<p>Francee, 1962, 1h30<\/p>\n\n\n\n<p>R\u00e9alisation : Agn\u00e8s Varda<\/p>\n\n\n\n<p>Avec : Corinne Marchand,\u00a0Michel Legrand,\u00a0Antoine Bourseillier<\/p>\n\n\n\n<p>Cl\u00e9o, belle et chanteuse, attend les r\u00e9sultats d&rsquo;une analyse m\u00e9dicale. De la superstition \u00e0 la peur, de la rue de Rivoli au Caf\u00e9 de D\u00f4me, de la coquetterie \u00e0 l&rsquo;angoisse, de chez elle au Parc Montsouris, Cl\u00e9o vit quatre-vingt-dix minutes particuli\u00e8res. Son amant, son musicien, une amie puis un soldat lui ouvrent les yeux sur le monde. <em>Cl\u00e9o de 5 \u00e0 7<\/em> est un des films embl\u00e9matiques de la Nouvelle Vague.<\/p>\n\n\n\n<p><\/p>\n\n\n\n<p>VO sous-titr\u00e9e en anglais suivie d&rsquo;un d\u00e9bat.<\/p>\n\n\n\n<p><\/p>\n\n\n\n<p>Projection organis\u00e9e dans le cadre du <a href=\"https:\/\/www.afbrno.cz\/fr\/zarazeni\/cine-club\/\" target=\"_blank\" rel=\"noreferrer noopener\">cin\u00e9 club Pomez\u00ed<\/a>.<\/p>\n\n\n\n<p>Manifestation organis\u00e9e avec l&rsquo;appui de l&rsquo;Institut fran\u00e7ais.<\/p>\n\n\n\n<figure class=\"wp-block-image size-full is-resized\"><img loading=\"lazy\" decoding=\"async\" width=\"852\" height=\"591\" src=\"https:\/\/www.afbrno.cz\/wp-content\/uploads\/2024\/05\/IF_Logo_Sans_Bleu_RVB.png\" alt=\"\" class=\"wp-image-29044\" style=\"width:166px;height:auto\" srcset=\"https:\/\/www.afbrno.cz\/wp-content\/uploads\/2024\/05\/IF_Logo_Sans_Bleu_RVB.png 852w, https:\/\/www.afbrno.cz\/wp-content\/uploads\/2024\/05\/IF_Logo_Sans_Bleu_RVB-460x319.png 460w, https:\/\/www.afbrno.cz\/wp-content\/uploads\/2024\/05\/IF_Logo_Sans_Bleu_RVB-768x533.png 768w\" sizes=\"auto, (max-width: 852px) 100vw, 852px\" \/><\/figure>\n\n\n\n<p>Avec le soutien financier de la Ville de Brno.<\/p>\n\n\n\n<figure class=\"wp-block-image size-full is-resized\"><img loading=\"lazy\" decoding=\"async\" width=\"482\" height=\"217\" src=\"https:\/\/www.afbrno.cz\/wp-content\/uploads\/2024\/06\/Logo-mesto-Brno.png\" alt=\"\" class=\"wp-image-27886\" style=\"width:189px;height:auto\" srcset=\"https:\/\/www.afbrno.cz\/wp-content\/uploads\/2024\/06\/Logo-mesto-Brno.png 482w, https:\/\/www.afbrno.cz\/wp-content\/uploads\/2024\/06\/Logo-mesto-Brno-460x207.png 460w\" sizes=\"auto, (max-width: 482px) 100vw, 482px\" \/><\/figure>\n","protected":false},"excerpt":{"rendered":"<p>Cin\u00e9 club<\/p>\n<p>Film culte de la Nouvelle Vague du cin\u00e9ma fran\u00e7ais.<\/p>\n","protected":false},"featured_media":29616,"parent":0,"template":"","zarazeni":[60],"class_list":["post-29633","kultura","type-kultura","status-publish","has-post-thumbnail","hentry","zarazeni-evenements-passes"],"acf":[],"_links":{"self":[{"href":"https:\/\/www.afbrno.cz\/fr\/wp-json\/wp\/v2\/kultura\/29633","targetHints":{"allow":["GET"]}}],"collection":[{"href":"https:\/\/www.afbrno.cz\/fr\/wp-json\/wp\/v2\/kultura"}],"about":[{"href":"https:\/\/www.afbrno.cz\/fr\/wp-json\/wp\/v2\/types\/kultura"}],"version-history":[{"count":3,"href":"https:\/\/www.afbrno.cz\/fr\/wp-json\/wp\/v2\/kultura\/29633\/revisions"}],"predecessor-version":[{"id":30369,"href":"https:\/\/www.afbrno.cz\/fr\/wp-json\/wp\/v2\/kultura\/29633\/revisions\/30369"}],"wp:featuredmedia":[{"embeddable":true,"href":"https:\/\/www.afbrno.cz\/fr\/wp-json\/wp\/v2\/media\/29616"}],"wp:attachment":[{"href":"https:\/\/www.afbrno.cz\/fr\/wp-json\/wp\/v2\/media?parent=29633"}],"wp:term":[{"taxonomy":"zarazeni","embeddable":true,"href":"https:\/\/www.afbrno.cz\/fr\/wp-json\/wp\/v2\/zarazeni?post=29633"}],"curies":[{"name":"wp","href":"https:\/\/api.w.org\/{rel}","templated":true}]}}

Cléo de 5 à 7

<p>Francee, 1962, 1h30</p>



<p>Réalisation : Agnès Varda</p>



<p>Avec : Corinne Marchand, Michel Legrand, Antoine Bourseillier</p>



<p>Cléo, belle et chanteuse, attend les résultats d&rsquo;une analyse médicale. De la superstition à la peur, de la rue de Rivoli au Café de Dôme, de la coquetterie à l&rsquo;angoisse, de chez elle au Parc Montsouris, Cléo vit quatre-vingt-dix minutes particulières. Son amant, son musicien, une amie puis un soldat lui ouvrent les yeux sur le monde. <em>Cléo de 5 à 7</em> est un des films emblématiques de la Nouvelle Vague.</p>



<p></p>



<p>VO sous-titrée en anglais suivie d&rsquo;un débat.</p>



<p></p>



<p>Projection organisée dans le cadre du <a href="https://www.afbrno.cz/fr/zarazeni/cine-club/" target="_blank" rel="noreferrer noopener">ciné club Pomezí</a>.</p>



<p>Manifestation organisée avec l&rsquo;appui de l&rsquo;Institut français.</p>



<figure class="wp-block-image size-full is-resized"><img loading="lazy" decoding="async" width="852" height="591" src="https://www.afbrno.cz/wp-content/uploads/2024/05/IF_Logo_Sans_Bleu_RVB.png" alt="" class="wp-image-29044" style="width:166px;height:auto" srcset="https://www.afbrno.cz/wp-content/uploads/2024/05/IF_Logo_Sans_Bleu_RVB.png 852w, https://www.afbrno.cz/wp-content/uploads/2024/05/IF_Logo_Sans_Bleu_RVB-460x319.png 460w, https://www.afbrno.cz/wp-content/uploads/2024/05/IF_Logo_Sans_Bleu_RVB-768x533.png 768w" sizes="auto, (max-width: 852px) 100vw, 852px" /></figure>



<p>Avec le soutien financier de la Ville de Brno.</p>



<figure class="wp-block-image size-full is-resized"><img loading="lazy" decoding="async" width="482" height="217" src="https://www.afbrno.cz/wp-content/uploads/2024/06/Logo-mesto-Brno.png" alt="" class="wp-image-27886" style="width:189px;height:auto" srcset="https://www.afbrno.cz/wp-content/uploads/2024/06/Logo-mesto-Brno.png 482w, https://www.afbrno.cz/wp-content/uploads/2024/06/Logo-mesto-Brno-460x207.png 460w" sizes="auto, (max-width: 482px) 100vw, 482px" /></figure>

<p>Ciné club</p>
<p>Film culte de la Nouvelle Vague du cinéma français.</p>
