{"id":29631,"date":"2024-10-12T18:05:21","date_gmt":"2024-10-12T16:05:21","guid":{"rendered":"https:\/\/www.afbrno.cz\/?post_type=kultura&#038;p=29631"},"modified":"2024-10-12T18:06:42","modified_gmt":"2024-10-12T16:06:42","slug":"animal","status":"publish","type":"kultura","link":"https:\/\/www.afbrno.cz\/fr\/kultura\/animal\/","title":{"rendered":"Animal"},"content":{"rendered":"\n<p>Francee, 2021, 1h45<\/p>\n\n\n\n<p>R\u00e9alisation : Cyril Dion<\/p>\n\n\n\n<p>Documentaire<\/p>\n\n\n\n<p><\/p>\n\n\n\n<p>Bella et Vipulan ont 16 ans, une g\u00e9n\u00e9ration persuad\u00e9e que leur avenir est menac\u00e9. Changement climatique, 6\u00e8me extinction de masse des esp\u00e8ces\u2026 d\u2019ici 50 ans leur monde pourrait devenir inhabitable. Ils ont beau alerter mais rien ne change vraiment. Alors ils d\u00e9cident de remonter \u00e0 la source du probl\u00e8me : notre relation au monde vivant. Sous l\u2019impulsion de la primatologue Jane Goodall, tout au long d\u2019un extraordinaire voyage, ils vont comprendre que nous sommes profond\u00e9ment li\u00e9s \u00e0 toutes les autres esp\u00e8ces. Et qu\u2019en les sauvant, nous nous sauverons aussi. L\u2019\u00eatre humain a cru qu\u2019il pouvait se s\u00e9parer de la nature, mais il est la nature. Il est, lui aussi, un Animal.<\/p>\n\n\n\n<p><\/p>\n\n\n\n<p>VO sous-titr\u00e9e en anglais suivie d&rsquo;un d\u00e9bat.<\/p>\n\n\n\n<p><\/p>\n\n\n\n<p>Projection organis\u00e9e dans le cadre du <a href=\"https:\/\/www.afbrno.cz\/fr\/zarazeni\/cine-club\/\" target=\"_blank\" rel=\"noreferrer noopener\">cin\u00e9 club Pomez\u00ed<\/a>.<\/p>\n\n\n\n<p>Manifestation organis\u00e9e avec l&rsquo;appui de l&rsquo;Institut fran\u00e7ais.<\/p>\n\n\n\n<figure class=\"wp-block-image size-full is-resized\"><img loading=\"lazy\" decoding=\"async\" width=\"852\" height=\"591\" src=\"https:\/\/www.afbrno.cz\/wp-content\/uploads\/2024\/05\/IF_Logo_Sans_Bleu_RVB.png\" alt=\"\" class=\"wp-image-29044\" style=\"width:166px;height:auto\" srcset=\"https:\/\/www.afbrno.cz\/wp-content\/uploads\/2024\/05\/IF_Logo_Sans_Bleu_RVB.png 852w, https:\/\/www.afbrno.cz\/wp-content\/uploads\/2024\/05\/IF_Logo_Sans_Bleu_RVB-460x319.png 460w, https:\/\/www.afbrno.cz\/wp-content\/uploads\/2024\/05\/IF_Logo_Sans_Bleu_RVB-768x533.png 768w\" sizes=\"auto, (max-width: 852px) 100vw, 852px\" \/><\/figure>\n\n\n\n<p>Avec le soutien financier de la Ville de Brno.<\/p>\n\n\n\n<figure class=\"wp-block-image size-full is-resized\"><img loading=\"lazy\" decoding=\"async\" width=\"482\" height=\"217\" src=\"https:\/\/www.afbrno.cz\/wp-content\/uploads\/2024\/06\/Logo-mesto-Brno.png\" alt=\"\" class=\"wp-image-27886\" style=\"width:189px;height:auto\" srcset=\"https:\/\/www.afbrno.cz\/wp-content\/uploads\/2024\/06\/Logo-mesto-Brno.png 482w, https:\/\/www.afbrno.cz\/wp-content\/uploads\/2024\/06\/Logo-mesto-Brno-460x207.png 460w\" sizes=\"auto, (max-width: 482px) 100vw, 482px\" \/><\/figure>\n","protected":false},"excerpt":{"rendered":"<p>Cin\u00e9 club<\/p>\n<p>Comment sauver la plan\u00e8te devant une catastrophe climatique ? Un film prim\u00e9 sur les rapports entre l&rsquo;homme et la nature.<\/p>\n","protected":false},"featured_media":29611,"parent":0,"template":"","zarazeni":[60],"class_list":["post-29631","kultura","type-kultura","status-publish","has-post-thumbnail","hentry","zarazeni-evenements-passes"],"acf":[],"_links":{"self":[{"href":"https:\/\/www.afbrno.cz\/fr\/wp-json\/wp\/v2\/kultura\/29631","targetHints":{"allow":["GET"]}}],"collection":[{"href":"https:\/\/www.afbrno.cz\/fr\/wp-json\/wp\/v2\/kultura"}],"about":[{"href":"https:\/\/www.afbrno.cz\/fr\/wp-json\/wp\/v2\/types\/kultura"}],"version-history":[{"count":3,"href":"https:\/\/www.afbrno.cz\/fr\/wp-json\/wp\/v2\/kultura\/29631\/revisions"}],"predecessor-version":[{"id":30367,"href":"https:\/\/www.afbrno.cz\/fr\/wp-json\/wp\/v2\/kultura\/29631\/revisions\/30367"}],"wp:featuredmedia":[{"embeddable":true,"href":"https:\/\/www.afbrno.cz\/fr\/wp-json\/wp\/v2\/media\/29611"}],"wp:attachment":[{"href":"https:\/\/www.afbrno.cz\/fr\/wp-json\/wp\/v2\/media?parent=29631"}],"wp:term":[{"taxonomy":"zarazeni","embeddable":true,"href":"https:\/\/www.afbrno.cz\/fr\/wp-json\/wp\/v2\/zarazeni?post=29631"}],"curies":[{"name":"wp","href":"https:\/\/api.w.org\/{rel}","templated":true}]}}

<p>Francee, 2021, 1h45</p>



<p>Réalisation : Cyril Dion</p>



<p>Documentaire</p>



<p></p>



<p>Bella et Vipulan ont 16 ans, une génération persuadée que leur avenir est menacé. Changement climatique, 6ème extinction de masse des espèces… d’ici 50 ans leur monde pourrait devenir inhabitable. Ils ont beau alerter mais rien ne change vraiment. Alors ils décident de remonter à la source du problème : notre relation au monde vivant. Sous l’impulsion de la primatologue Jane Goodall, tout au long d’un extraordinaire voyage, ils vont comprendre que nous sommes profondément liés à toutes les autres espèces. Et qu’en les sauvant, nous nous sauverons aussi. L’être humain a cru qu’il pouvait se séparer de la nature, mais il est la nature. Il est, lui aussi, un Animal.</p>



<p></p>



<p>VO sous-titrée en anglais suivie d&rsquo;un débat.</p>



<p></p>



<p>Projection organisée dans le cadre du <a href="https://www.afbrno.cz/fr/zarazeni/cine-club/" target="_blank" rel="noreferrer noopener">ciné club Pomezí</a>.</p>



<p>Manifestation organisée avec l&rsquo;appui de l&rsquo;Institut français.</p>



<figure class="wp-block-image size-full is-resized"><img loading="lazy" decoding="async" width="852" height="591" src="https://www.afbrno.cz/wp-content/uploads/2024/05/IF_Logo_Sans_Bleu_RVB.png" alt="" class="wp-image-29044" style="width:166px;height:auto" srcset="https://www.afbrno.cz/wp-content/uploads/2024/05/IF_Logo_Sans_Bleu_RVB.png 852w, https://www.afbrno.cz/wp-content/uploads/2024/05/IF_Logo_Sans_Bleu_RVB-460x319.png 460w, https://www.afbrno.cz/wp-content/uploads/2024/05/IF_Logo_Sans_Bleu_RVB-768x533.png 768w" sizes="auto, (max-width: 852px) 100vw, 852px" /></figure>



<p>Avec le soutien financier de la Ville de Brno.</p>



<figure class="wp-block-image size-full is-resized"><img loading="lazy" decoding="async" width="482" height="217" src="https://www.afbrno.cz/wp-content/uploads/2024/06/Logo-mesto-Brno.png" alt="" class="wp-image-27886" style="width:189px;height:auto" srcset="https://www.afbrno.cz/wp-content/uploads/2024/06/Logo-mesto-Brno.png 482w, https://www.afbrno.cz/wp-content/uploads/2024/06/Logo-mesto-Brno-460x207.png 460w" sizes="auto, (max-width: 482px) 100vw, 482px" /></figure>

<p>Ciné club</p>
<p>Comment sauver la planète devant une catastrophe climatique ? Un film primé sur les rapports entre l&rsquo;homme et la nature.</p>
