{"id":29064,"date":"2024-07-26T13:06:24","date_gmt":"2024-07-26T11:06:24","guid":{"rendered":"https:\/\/www.afbrno.cz\/?post_type=kultura&#038;p=29064"},"modified":"2024-10-14T19:54:07","modified_gmt":"2024-10-14T17:54:07","slug":"vincent-peirani-jokers","status":"publish","type":"kultura","link":"https:\/\/www.afbrno.cz\/fr\/kultura\/vincent-peirani-jokers\/","title":{"rendered":"Vincent Peirani &#038; Jokers"},"content":{"rendered":"\n<p>Zahajovac\u00ed koncert festivalu&nbsp;<a href=\"https:\/\/www.maratonhudby.cz\" data-type=\"link\" data-id=\"https:\/\/www.maratonhudby.cz\" target=\"_blank\" rel=\"noreferrer noopener\">Maraton hudby Brno<\/a>.<\/p>\n\n\n\n<p><\/p>\n\n\n\n<p><strong>Vincent Peirani<\/strong>, francouzsk\u00fd akordeonista a reziden\u010dn\u00ed um\u011blec 9. ro\u010dn\u00edku festivalu Maraton hudby Brno, je reprezentantem nov\u00e9 vlny jazzov\u00fdch muzikant\u016f, kte\u0159\u00ed odm\u00edtaj\u00ed za\u017eit\u00e9 mantinely a limity. M\u00edsto toho, aby \u0161li po vy\u0161lapan\u00e9 cest\u011b, se rozhoduj\u00ed objevovat nov\u00e1 \u00fazem\u00ed a nov\u00e9 sm\u011bry v hudb\u011b.<\/p>\n\n\n\n<p>Vincent Peirani vystudoval na pa\u0159\u00ed\u017esk\u00e9 konzervato\u0159i klarinet soub\u011b\u017en\u011b s akordeonem. Pozd\u011bji si ale zvolil pr\u00e1v\u011b akordeon, kter\u00fd popisuje jako \u00ab\u00a0orchestr s\u00e1m o sob\u011b\u00a0\u00bb. Po klasick\u00e9m vzd\u011bl\u00e1n\u00ed se pustil do sou\u010dasn\u00e9 hudby, francouzsk\u00e9ho chansonu a jazzu. Stal se prvn\u00edm akordeonistou ve slavn\u00e9 jazzov\u00e9 t\u0159\u00edd\u011b pa\u0159\u00ed\u017esk\u00e9 konzervato\u0159e.<\/p>\n\n\n\n<p>Spolupracoval s mnoha um\u011blci, z\u00edskal \u0159adu cen a stal se um\u011blcem roku podle francouzsk\u00e9ho Jazz Magazine. Jeho neomezen\u00fd hudebn\u00ed pohled a schopnost spojovat barvy ho p\u0159ivedly k vytv\u00e1\u0159en\u00ed nejimaginativn\u011bj\u0161\u00edch projekt\u016f bu\u010f s\u00f3lo nebo v mal\u00fdch souborech. Jeho koncerty nab\u00edzej\u00ed zralost, intenzitu a p\u0159ekvapivou transparentnost. Peirani je v\u00fdjime\u010dn\u00fd nejen v jazzu, ale i ve francouzsk\u00e9m chansonu a filmov\u00e9 hudb\u011b, kde se stal v\u00fdrazn\u00fdm akordeonistou posledn\u00ed dek\u00e1dy.<\/p>\n\n\n\n<p><strong>Jokers<\/strong><\/p>\n\n\n\n<p>Projekt Jokers nen\u00ed \u00fapln\u011b nov\u00fd. Zrodil se p\u0159ed n\u011bkolika lety, kdy\u017e n\u011bmeck\u00e1 rozhlasov\u00e1 stanice NDR pozvala Vincenta Peiraniho k produkci dvou koncert\u016f a dala mu volnou ruku pro tento form\u00e1t. Vincent se rozhodl poprv\u00e9 obr\u00e1tit k jazzov\u00e9mu triu, formuli s tak dlouhou histori\u00ed, \u017ee je t\u00e9m\u011b\u0159 posv\u00e1tn\u00e1 a rozhodn\u011b zastra\u0161uj\u00edc\u00ed. Jeho dva spole\u010dn\u00edci, Federico Casagrande na kytaru a Ziv Ravitz na bic\u00ed a kl\u00e1vesy, maj\u00ed bohat\u00e9 zku\u0161enosti a dovednosti, z\u00e1jem o rockovou a elektronickou hudbu a z\u00e1libu v hudebn\u00ed hybridit\u011b. Buben\u00edk okam\u017eit\u011b navrhl Vincentovi (kter\u00fd nic jin\u00e9ho ne\u010dekal), aby experimentoval s elektronick\u00fdmi efekty na akordeonu. T\u00f3n byl d\u00e1n. Skupina nejprve odehr\u00e1la asi t\u0159icet koncert\u016f, co\u017e j\u00ed umo\u017enilo objevit a zdokonalit sv\u00e9 mo\u017enosti. Kdy\u017e pak p\u0159i\u0161el \u010das p\u0159em\u00fd\u0161let o albu, rozhodl se Vincent Peirani znovu zam\u00edchat kartami: vezm\u011bme stejn\u00e9 hudebn\u00edky, ale za\u010dn\u011bme znovu, s reperto\u00e1rem a zvukem zcela odli\u0161n\u00fdm od \u017eiv\u00fdch vystoupen\u00ed.<\/p>\n\n\n\n<p>Po vystoupen\u00ed Vincenta Peiraniho a jeho projektu Jokers zahraje estonsk\u00e9 duo Puuluup, kter\u00e9 se div\u00e1k\u016fm p\u0159edstavilo na World Music stage na lo\u0148sk\u00e9m ro\u010dn\u00edku festivalu Maraton hudby Brno.<\/p>\n\n\n\n<div style=\"height:48px\" aria-hidden=\"true\" class=\"wp-block-spacer\"><\/div>\n\n\n\n<h4 class=\"wp-block-heading has-text-align-center\"><mark style=\"background-color:rgba(0, 0, 0, 0)\" class=\"has-inline-color has-color-text-color\">Dal\u0161\u00ed koncerty Vincenta Peiraniho:<\/mark><\/h4>\n\n\n\n<p class=\"has-text-align-center\"><strong>sobota 10. 8. ve 21:00 hod. \u2013<\/strong> <a href=\"https:\/\/www.afbrno.cz\/kultura\/vincent-peirani-les-egares\/\" target=\"_blank\" data-type=\"link\" data-id=\"https:\/\/www.afbrno.cz\/kultura\/vincent-peirani-les-egares\/\" rel=\"noreferrer noopener\">Vincent Peirani &amp; Les \u00c9gar\u00e9s<\/a><\/p>\n\n\n\n<p class=\"has-text-align-center\"><strong>ned\u011ble 11. 8. v 18:00 hod. \u2013 <\/strong><a href=\"https:\/\/www.afbrno.cz\/kultura\/vincent-peirani-solo\/\" target=\"_blank\" data-type=\"link\" data-id=\"https:\/\/www.afbrno.cz\/kultura\/vincent-peirani-solo\/\" rel=\"noreferrer noopener\">Vincent Peirani &#8211; s\u00f3lo<\/a><\/p>\n\n\n\n<div style=\"height:48px\" aria-hidden=\"true\" class=\"wp-block-spacer\"><\/div>\n\n\n\n<h4 class=\"wp-block-heading has-text-align-center\"><mark style=\"background-color:rgba(0, 0, 0, 0)\" class=\"has-inline-color has-color-text-color\">Kompletn\u00ed program festivalu:<\/mark><\/h4>\n\n\n<div class=\"wp-block-image\">\n<figure class=\"aligncenter size-large is-resized\"><a href=\"https:\/\/www.maratonhudby.cz\" target=\"_blank\" rel=\"noreferrer noopener\"><img loading=\"lazy\" decoding=\"async\" width=\"1360\" height=\"691\" src=\"https:\/\/www.afbrno.cz\/wp-content\/uploads\/2024\/07\/logo-Maraton-hudby-Brno-1360x691.png\" alt=\"\" class=\"wp-image-29069\" style=\"width:232px;height:auto\" srcset=\"https:\/\/www.afbrno.cz\/wp-content\/uploads\/2024\/07\/logo-Maraton-hudby-Brno-1360x691.png 1360w, https:\/\/www.afbrno.cz\/wp-content\/uploads\/2024\/07\/logo-Maraton-hudby-Brno-460x234.png 460w, https:\/\/www.afbrno.cz\/wp-content\/uploads\/2024\/07\/logo-Maraton-hudby-Brno-768x390.png 768w\" sizes=\"auto, (max-width: 1360px) 100vw, 1360px\" \/><\/a><\/figure>\n<\/div>\n\n\n<p><\/p>\n","protected":false},"excerpt":{"rendered":"<p>Maraton hudby Brno<\/p>\n<p>Zahajovac\u00ed koncert festivalu Maraton hudby Brno. Projekt Jokers reziden\u010dn\u00edho um\u011blce Vincenta Peiraniho (Francie) poprv\u00e9 v Brn\u011b.<\/p>\n","protected":false},"featured_media":29065,"parent":0,"template":"","zarazeni":[58],"class_list":["post-29064","kultura","type-kultura","status-publish","has-post-thumbnail","hentry","zarazeni-archiv-akci"],"acf":[],"_links":{"self":[{"href":"https:\/\/www.afbrno.cz\/fr\/wp-json\/wp\/v2\/kultura\/29064","targetHints":{"allow":["GET"]}}],"collection":[{"href":"https:\/\/www.afbrno.cz\/fr\/wp-json\/wp\/v2\/kultura"}],"about":[{"href":"https:\/\/www.afbrno.cz\/fr\/wp-json\/wp\/v2\/types\/kultura"}],"version-history":[{"count":13,"href":"https:\/\/www.afbrno.cz\/fr\/wp-json\/wp\/v2\/kultura\/29064\/revisions"}],"predecessor-version":[{"id":30407,"href":"https:\/\/www.afbrno.cz\/fr\/wp-json\/wp\/v2\/kultura\/29064\/revisions\/30407"}],"wp:featuredmedia":[{"embeddable":true,"href":"https:\/\/www.afbrno.cz\/fr\/wp-json\/wp\/v2\/media\/29065"}],"wp:attachment":[{"href":"https:\/\/www.afbrno.cz\/fr\/wp-json\/wp\/v2\/media?parent=29064"}],"wp:term":[{"taxonomy":"zarazeni","embeddable":true,"href":"https:\/\/www.afbrno.cz\/fr\/wp-json\/wp\/v2\/zarazeni?post=29064"}],"curies":[{"name":"wp","href":"https:\/\/api.w.org\/{rel}","templated":true}]}}

<p>Zahajovací koncert festivalu&nbsp;<a href="https://www.maratonhudby.cz" data-type="link" data-id="https://www.maratonhudby.cz" target="_blank" rel="noreferrer noopener">Maraton hudby Brno</a>.</p>



<p></p>



<p><strong>Vincent Peirani</strong>, francouzský akordeonista a rezidenční umělec 9. ročníku festivalu Maraton hudby Brno, je reprezentantem nové vlny jazzových muzikantů, kteří odmítají zažité mantinely a limity. Místo toho, aby šli po vyšlapané cestě, se rozhodují objevovat nová území a nové směry v hudbě.</p>



<p>Vincent Peirani vystudoval na pařížské konzervatoři klarinet souběžně s akordeonem. Později si ale zvolil právě akordeon, který popisuje jako « orchestr sám o sobě ». Po klasickém vzdělání se pustil do současné hudby, francouzského chansonu a jazzu. Stal se prvním akordeonistou ve slavné jazzové třídě pařížské konzervatoře.</p>



<p>Spolupracoval s mnoha umělci, získal řadu cen a stal se umělcem roku podle francouzského Jazz Magazine. Jeho neomezený hudební pohled a schopnost spojovat barvy ho přivedly k vytváření nejimaginativnějších projektů buď sólo nebo v malých souborech. Jeho koncerty nabízejí zralost, intenzitu a překvapivou transparentnost. Peirani je výjimečný nejen v jazzu, ale i ve francouzském chansonu a filmové hudbě, kde se stal výrazným akordeonistou poslední dekády.</p>



<p><strong>Jokers</strong></p>



<p>Projekt Jokers není úplně nový. Zrodil se před několika lety, když německá rozhlasová stanice NDR pozvala Vincenta Peiraniho k produkci dvou koncertů a dala mu volnou ruku pro tento formát. Vincent se rozhodl poprvé obrátit k jazzovému triu, formuli s tak dlouhou historií, že je téměř posvátná a rozhodně zastrašující. Jeho dva společníci, Federico Casagrande na kytaru a Ziv Ravitz na bicí a klávesy, mají bohaté zkušenosti a dovednosti, zájem o rockovou a elektronickou hudbu a zálibu v hudební hybriditě. Bubeník okamžitě navrhl Vincentovi (který nic jiného nečekal), aby experimentoval s elektronickými efekty na akordeonu. Tón byl dán. Skupina nejprve odehrála asi třicet koncertů, což jí umožnilo objevit a zdokonalit své možnosti. Když pak přišel čas přemýšlet o albu, rozhodl se Vincent Peirani znovu zamíchat kartami: vezměme stejné hudebníky, ale začněme znovu, s repertoárem a zvukem zcela odlišným od živých vystoupení.</p>



<p>Po vystoupení Vincenta Peiraniho a jeho projektu Jokers zahraje estonské duo Puuluup, které se divákům představilo na World Music stage na loňském ročníku festivalu Maraton hudby Brno.</p>



<div style="height:48px" aria-hidden="true" class="wp-block-spacer"></div>



<h4 class="wp-block-heading has-text-align-center"><mark style="background-color:rgba(0, 0, 0, 0)" class="has-inline-color has-color-text-color">Další koncerty Vincenta Peiraniho:</mark></h4>



<p class="has-text-align-center"><strong>sobota 10. 8. ve 21:00 hod. –</strong> <a href="https://www.afbrno.cz/kultura/vincent-peirani-les-egares/" target="_blank" data-type="link" data-id="https://www.afbrno.cz/kultura/vincent-peirani-les-egares/" rel="noreferrer noopener">Vincent Peirani &amp; Les Égarés</a></p>



<p class="has-text-align-center"><strong>neděle 11. 8. v 18:00 hod. – </strong><a href="https://www.afbrno.cz/kultura/vincent-peirani-solo/" target="_blank" data-type="link" data-id="https://www.afbrno.cz/kultura/vincent-peirani-solo/" rel="noreferrer noopener">Vincent Peirani &#8211; sólo</a></p>



<div style="height:48px" aria-hidden="true" class="wp-block-spacer"></div>



<h4 class="wp-block-heading has-text-align-center"><mark style="background-color:rgba(0, 0, 0, 0)" class="has-inline-color has-color-text-color">Kompletní program festivalu:</mark></h4>


<div class="wp-block-image">
<figure class="aligncenter size-large is-resized"><a href="https://www.maratonhudby.cz" target="_blank" rel="noreferrer noopener"><img loading="lazy" decoding="async" width="1360" height="691" src="https://www.afbrno.cz/wp-content/uploads/2024/07/logo-Maraton-hudby-Brno-1360x691.png" alt="" class="wp-image-29069" style="width:232px;height:auto" srcset="https://www.afbrno.cz/wp-content/uploads/2024/07/logo-Maraton-hudby-Brno-1360x691.png 1360w, https://www.afbrno.cz/wp-content/uploads/2024/07/logo-Maraton-hudby-Brno-460x234.png 460w, https://www.afbrno.cz/wp-content/uploads/2024/07/logo-Maraton-hudby-Brno-768x390.png 768w" sizes="auto, (max-width: 1360px) 100vw, 1360px" /></a></figure>
</div>


<p></p>

<p>Maraton hudby Brno</p>
<p>Zahajovací koncert festivalu Maraton hudby Brno. Projekt Jokers rezidenčního umělce Vincenta Peiraniho (Francie) poprvé v Brně.</p>
