{"id":27803,"date":"2024-03-01T20:00:00","date_gmt":"2024-03-01T19:00:00","guid":{"rendered":"https:\/\/web.afbrno.cz\/?post_type=kultura&#038;p=27803"},"modified":"2024-10-15T03:24:35","modified_gmt":"2024-10-15T01:24:35","slug":"soutez-pub-kviz-o-frankofonii","status":"publish","type":"kultura","link":"https:\/\/www.afbrno.cz\/fr\/kultura\/soutez-pub-kviz-o-frankofonii\/","title":{"rendered":"Sout\u011b\u017e: pub kv\u00edz o frankofonii"},"content":{"rendered":"\n<p>Pro ty, kdo r\u00e1di sout\u011b\u017e\u00ed, ale samoz\u0159ejm\u011b pro v\u0161echny ostatn\u00ed, kdo cht\u011bj\u00ed za\u017e\u00edt (ne)tradi\u010dn\u00ed ve\u010der, jsme p\u0159ipravili toto speci\u00e1ln\u00ed vyd\u00e1n\u00ed pub kv\u00edzu s tematikou frankofonie. Akce v \u010de\u0161tin\u011b.<\/p>\n\n\n\n<div class=\"wp-block-buttons is-layout-flex wp-block-buttons-is-layout-flex\">\n<div class=\"wp-block-button\"><a class=\"wp-block-button__link wp-element-button\" href=\"https:\/\/afbrno.rezervace.online\/cs\/#\/view\/pub-kviz-frankofonie-cafe-bar-scala-r67355\" target=\"_blank\" rel=\"noreferrer noopener\">Registrace sout\u011b\u017en\u00edch t\u00fdm\u016f<\/a><\/div>\n<\/div>\n\n\n\n<div style=\"height:41px\" aria-hidden=\"true\" class=\"wp-block-spacer\"><\/div>\n\n\n\n<p>\u010cinnost se uskute\u010d\u0148uje za finan\u010dn\u00ed podpory statut\u00e1rn\u00edho m\u011bsta Brna.<\/p>\n","protected":false},"excerpt":{"rendered":"<p>Dny frankofonie<\/p>\n<p>Pro ty, kdo r\u00e1di sout\u011b\u017e\u00ed, ale samoz\u0159ejm\u011b pro v\u0161echny ostatn\u00ed, kdo cht\u011bj\u00ed za\u017e\u00edt (ne)tradi\u010dn\u00ed ve\u010der, jsme p\u0159ipravili toto speci\u00e1ln\u00ed vyd\u00e1n\u00ed pub kv\u00edzu s tematikou frankofonie.<\/p>\n","protected":false},"featured_media":27804,"parent":0,"template":"","zarazeni":[58],"class_list":["post-27803","kultura","type-kultura","status-publish","has-post-thumbnail","hentry","zarazeni-archiv-akci"],"acf":[],"_links":{"self":[{"href":"https:\/\/www.afbrno.cz\/fr\/wp-json\/wp\/v2\/kultura\/27803","targetHints":{"allow":["GET"]}}],"collection":[{"href":"https:\/\/www.afbrno.cz\/fr\/wp-json\/wp\/v2\/kultura"}],"about":[{"href":"https:\/\/www.afbrno.cz\/fr\/wp-json\/wp\/v2\/types\/kultura"}],"version-history":[{"count":10,"href":"https:\/\/www.afbrno.cz\/fr\/wp-json\/wp\/v2\/kultura\/27803\/revisions"}],"predecessor-version":[{"id":30396,"href":"https:\/\/www.afbrno.cz\/fr\/wp-json\/wp\/v2\/kultura\/27803\/revisions\/30396"}],"wp:featuredmedia":[{"embeddable":true,"href":"https:\/\/www.afbrno.cz\/fr\/wp-json\/wp\/v2\/media\/27804"}],"wp:attachment":[{"href":"https:\/\/www.afbrno.cz\/fr\/wp-json\/wp\/v2\/media?parent=27803"}],"wp:term":[{"taxonomy":"zarazeni","embeddable":true,"href":"https:\/\/www.afbrno.cz\/fr\/wp-json\/wp\/v2\/zarazeni?post=27803"}],"curies":[{"name":"wp","href":"https:\/\/api.w.org\/{rel}","templated":true}]}}

Soutěž: pub kvíz o frankofonii

<p>Pro ty, kdo rádi soutěží, ale samozřejmě pro všechny ostatní, kdo chtějí zažít (ne)tradiční večer, jsme připravili toto speciální vydání pub kvízu s tematikou frankofonie. Akce v češtině.</p>



<div class="wp-block-buttons is-layout-flex wp-block-buttons-is-layout-flex">
<div class="wp-block-button"><a class="wp-block-button__link wp-element-button" href="https://afbrno.rezervace.online/cs/#/view/pub-kviz-frankofonie-cafe-bar-scala-r67355" target="_blank" rel="noreferrer noopener">Registrace soutěžních týmů</a></div>
</div>



<div style="height:41px" aria-hidden="true" class="wp-block-spacer"></div>



<p>Činnost se uskutečňuje za finanční podpory statutárního města Brna.</p>

<p>Dny frankofonie</p>
<p>Pro ty, kdo rádi soutěží, ale samozřejmě pro všechny ostatní, kdo chtějí zažít (ne)tradiční večer, jsme připravili toto speciální vydání pub kvízu s tematikou frankofonie.</p>
