{"id":27783,"date":"2024-02-10T18:00:00","date_gmt":"2024-02-10T17:00:00","guid":{"rendered":"https:\/\/web.afbrno.cz\/?post_type=kultura&#038;p=27783"},"modified":"2024-10-15T03:24:50","modified_gmt":"2024-10-15T01:24:50","slug":"papicha","status":"publish","type":"kultura","link":"https:\/\/www.afbrno.cz\/fr\/kultura\/papicha\/","title":{"rendered":"Papicha"},"content":{"rendered":"\n<p>Re\u017eie: Mounia Meddour<br>Drama | Francie, Al\u017e\u00edrsko, Belgie, Katar (2019, 106 min.)<br>Ve francouzsk\u00e9m a arabsk\u00e9m zn\u011bn\u00ed s anglick\u00fdmi titulky.<\/p>\n\n\n\n<p>Al\u017e\u00edr, devades\u00e1t\u00e1 l\u00e9ta. Osmn\u00e1ctilet\u00e1 studentka Nedjma m\u00e1 zpo\u010d\u00e1tku s kamar\u00e1dkou Wassilou legraci z plak\u00e1t\u016f nab\u00e1daj\u00edc\u00edch \u017eeny, aby chodily zahalen\u00e9. Netu\u0161\u00ed, \u017ee tento na prvn\u00ed pohled ne\u0161kodn\u00fd projev n\u00e1bo\u017eensk\u00e9ho konzervatismu p\u0159edznamen\u00e1v\u00e1 mnohem hr\u016fzn\u011bj\u0161\u00ed ud\u00e1losti, je\u017e pozd\u011bji vy\u00fast\u00ed a\u017e v ob\u010danskou v\u00e1lku. Papicha, jak ji zn\u00e1m\u00ed p\u0159ezd\u00edvaj\u00ed, se v\u0161ak odm\u00edt\u00e1 d\u00e1t zlomit a s vrozenou tvrdohlavost\u00ed bojuje proti poni\u017eov\u00e1n\u00ed \u017een vykon\u00e1van\u00e9mu ve jm\u00e9nu n\u00e1bo\u017eenstv\u00ed.&nbsp;<br>Zdroj: MFF Karlovy Vary<\/p>\n\n\n\n<p>V\u00edce o filmu na webu&nbsp;<a href=\"https:\/\/www.csfd.cz\/film\/723647-papicha\/prehled\/\" rel=\"noreferrer noopener\" target=\"_blank\">\u010cSFD<\/a>.<\/p>\n\n\n\n<p>Po projekci n\u00e1sleduje debata o filmu.<\/p>\n\n\n\n<p><\/p>\n\n\n\n<p>\u010cinnost se uskute\u010d\u0148uje za finan\u010dn\u00ed podpory statut\u00e1rn\u00edho m\u011bsta Brna.<\/p>\n","protected":false},"excerpt":{"rendered":"<p>Dny frankofonie<\/p>\n<p>Al\u017e\u00edr, devades\u00e1t\u00e1 l\u00e9ta. Osmn\u00e1ctilet\u00e1 studentka Nedjma m\u00e1 zpo\u010d\u00e1tku s kamar\u00e1dkou Wassilou legraci z plak\u00e1t\u016f nab\u00e1daj\u00edc\u00edch \u017eeny, aby chodily zahalen\u00e9. Netu\u0161\u00ed, \u017ee tento na prvn\u00ed pohled ne\u0161kodn\u00fd projev n\u00e1bo\u017eensk\u00e9ho konzervatismu p\u0159edznamen\u00e1v\u00e1 mnohem hr\u016fzn\u011bj\u0161\u00ed ud\u00e1losti, je\u017e pozd\u011bji vy\u00fast\u00ed a\u017e v ob\u010danskou v\u00e1lku.<\/p>\n","protected":false},"featured_media":27786,"parent":0,"template":"","zarazeni":[58],"class_list":["post-27783","kultura","type-kultura","status-publish","has-post-thumbnail","hentry","zarazeni-archiv-akci"],"acf":[],"_links":{"self":[{"href":"https:\/\/www.afbrno.cz\/fr\/wp-json\/wp\/v2\/kultura\/27783","targetHints":{"allow":["GET"]}}],"collection":[{"href":"https:\/\/www.afbrno.cz\/fr\/wp-json\/wp\/v2\/kultura"}],"about":[{"href":"https:\/\/www.afbrno.cz\/fr\/wp-json\/wp\/v2\/types\/kultura"}],"version-history":[{"count":4,"href":"https:\/\/www.afbrno.cz\/fr\/wp-json\/wp\/v2\/kultura\/27783\/revisions"}],"predecessor-version":[{"id":30400,"href":"https:\/\/www.afbrno.cz\/fr\/wp-json\/wp\/v2\/kultura\/27783\/revisions\/30400"}],"wp:featuredmedia":[{"embeddable":true,"href":"https:\/\/www.afbrno.cz\/fr\/wp-json\/wp\/v2\/media\/27786"}],"wp:attachment":[{"href":"https:\/\/www.afbrno.cz\/fr\/wp-json\/wp\/v2\/media?parent=27783"}],"wp:term":[{"taxonomy":"zarazeni","embeddable":true,"href":"https:\/\/www.afbrno.cz\/fr\/wp-json\/wp\/v2\/zarazeni?post=27783"}],"curies":[{"name":"wp","href":"https:\/\/api.w.org\/{rel}","templated":true}]}}

<p>Režie: Mounia Meddour<br>Drama | Francie, Alžírsko, Belgie, Katar (2019, 106 min.)<br>Ve francouzském a arabském znění s anglickými titulky.</p>



<p>Alžír, devadesátá léta. Osmnáctiletá studentka Nedjma má zpočátku s kamarádkou Wassilou legraci z plakátů nabádajících ženy, aby chodily zahalené. Netuší, že tento na první pohled neškodný projev náboženského konzervatismu předznamenává mnohem hrůznější události, jež později vyústí až v občanskou válku. Papicha, jak ji známí přezdívají, se však odmítá dát zlomit a s vrozenou tvrdohlavostí bojuje proti ponižování žen vykonávanému ve jménu náboženství.&nbsp;<br>Zdroj: MFF Karlovy Vary</p>



<p>Více o filmu na webu&nbsp;<a href="https://www.csfd.cz/film/723647-papicha/prehled/" rel="noreferrer noopener" target="_blank">ČSFD</a>.</p>



<p>Po projekci následuje debata o filmu.</p>



<p></p>



<p>Činnost se uskutečňuje za finanční podpory statutárního města Brna.</p>

<p>Dny frankofonie</p>
<p>Alžír, devadesátá léta. Osmnáctiletá studentka Nedjma má zpočátku s kamarádkou Wassilou legraci z plakátů nabádajících ženy, aby chodily zahalené. Netuší, že tento na první pohled neškodný projev náboženského konzervatismu předznamenává mnohem hrůznější události, jež později vyústí až v občanskou válku.</p>
