{"id":27120,"date":"2024-02-01T10:00:41","date_gmt":"2024-02-01T09:00:41","guid":{"rendered":"https:\/\/web.afbrno.cz\/?post_type=kultura&#038;p=27120"},"modified":"2024-10-14T19:49:33","modified_gmt":"2024-10-14T17:49:33","slug":"annie-se-zlobi","status":"publish","type":"kultura","link":"https:\/\/www.afbrno.cz\/fr\/kultura\/annie-se-zlobi\/","title":{"rendered":"Annie se zlob\u00ed"},"content":{"rendered":"\n<p>Francie,&nbsp;2022,&nbsp;119 min.<\/p>\n\n\n\n<p>Re\u017eie: Blandine Lenoir<\/p>\n\n\n\n<p>Hraj\u00ed: Laure Calamy,&nbsp;Zita Hanrot,&nbsp;Josiane Balasko,&nbsp;Oscar Lesage,&nbsp;Pascale Arbillot,&nbsp;Laurent Stocker,&nbsp;India Hair,&nbsp;Eric Caravaca,&nbsp;Sara Verhagen,&nbsp;Damien Chapelle<\/p>\n\n\n\n<p>Film <strong>Annie se zlob\u00ed<\/strong> (ve  francouzsk\u00e9m origin\u00e1le <em>Annie Col\u00e8re<\/em>) je inspirovan\u00fd skute\u010dn\u00fdmi ud\u00e1lostmi. Francouzsk\u00fd venkov roku 1974. Kdy\u017e Annie, pracuj\u00edc\u00ed matka dvou dosp\u00edvaj\u00edc\u00edch d\u011bt\u00ed, ne\u010dekan\u011b ot\u011bhotn\u00ed, setk\u00e1v\u00e1 se s&nbsp;l\u00e9ka\u0159i a \u017eenami, kte\u0159\u00ed bojuj\u00ed za pr\u00e1vo na potrat a antikoncepci a prov\u00e1d\u011bj\u00ed neleg\u00e1ln\u00ed interrupce zdarma, bezpe\u010dn\u011b a s&nbsp;respektem. Annie se postupn\u011b p\u0159id\u00e1v\u00e1 k&nbsp;jejich komunit\u011b a st\u00e1v\u00e1 se sou\u010d\u00e1st\u00ed tvrd\u00e9ho boje, co\u017e d\u00e1v\u00e1 jej\u00edmu \u017eivotu nov\u00fd smysl.<\/p>\n\n\n\n<p><\/p>\n\n\n\n<p>Film bude uveden v p\u016fvodn\u00edm francouzsk\u00e9m zn\u011bn\u00ed s anglick\u00fdmi titulky. Po projekci n\u00e1sleduje debata.<\/p>\n\n\n\n<p><\/p>\n\n\n\n<p>Projekce se kon\u00e1 v\u00a0r\u00e1mci\u00a0<a href=\"https:\/\/www.afbrno.cz\/zarazeni\/filmovy-klub\/\">filmov\u00e9ho klubu Pomez\u00ed<\/a>.<\/p>\n\n\n\n<p><\/p>\n\n\n\n<p>S laskavou podporou Institut fran\u00e7ais.<\/p>\n\n\n\n<figure class=\"wp-block-image size-full is-resized\"><img loading=\"lazy\" decoding=\"async\" width=\"852\" height=\"591\" src=\"https:\/\/www.afbrno.cz\/wp-content\/uploads\/2024\/05\/IF_Logo_Sans_Bleu_RVB.png\" alt=\"\" class=\"wp-image-29044\" style=\"width:166px;height:auto\" srcset=\"https:\/\/www.afbrno.cz\/wp-content\/uploads\/2024\/05\/IF_Logo_Sans_Bleu_RVB.png 852w, https:\/\/www.afbrno.cz\/wp-content\/uploads\/2024\/05\/IF_Logo_Sans_Bleu_RVB-460x319.png 460w, https:\/\/www.afbrno.cz\/wp-content\/uploads\/2024\/05\/IF_Logo_Sans_Bleu_RVB-768x533.png 768w\" sizes=\"auto, (max-width: 852px) 100vw, 852px\" \/><\/figure>\n\n\n\n<p>Za finan\u010dn\u00ed podpory statut\u00e1rn\u00edho m\u011bsta Brna.<\/p>\n\n\n\n<figure class=\"wp-block-image size-full is-resized\"><img loading=\"lazy\" decoding=\"async\" width=\"482\" height=\"217\" src=\"https:\/\/www.afbrno.cz\/wp-content\/uploads\/2024\/06\/Logo-mesto-Brno.png\" alt=\"\" class=\"wp-image-27886\" style=\"width:189px;height:auto\" srcset=\"https:\/\/www.afbrno.cz\/wp-content\/uploads\/2024\/06\/Logo-mesto-Brno.png 482w, https:\/\/www.afbrno.cz\/wp-content\/uploads\/2024\/06\/Logo-mesto-Brno-460x207.png 460w\" sizes=\"auto, (max-width: 482px) 100vw, 482px\" \/><\/figure>\n","protected":false},"excerpt":{"rendered":"<p>Filmov\u00fd klub<\/p>\n<p>Film inspirovan\u00fd skute\u010dn\u00fdmi ud\u00e1lostmi z roku 1974.<\/p>\n","protected":false},"featured_media":27121,"parent":0,"template":"","zarazeni":[58],"class_list":["post-27120","kultura","type-kultura","status-publish","has-post-thumbnail","hentry","zarazeni-archiv-akci"],"acf":[],"_links":{"self":[{"href":"https:\/\/www.afbrno.cz\/fr\/wp-json\/wp\/v2\/kultura\/27120","targetHints":{"allow":["GET"]}}],"collection":[{"href":"https:\/\/www.afbrno.cz\/fr\/wp-json\/wp\/v2\/kultura"}],"about":[{"href":"https:\/\/www.afbrno.cz\/fr\/wp-json\/wp\/v2\/types\/kultura"}],"version-history":[{"count":11,"href":"https:\/\/www.afbrno.cz\/fr\/wp-json\/wp\/v2\/kultura\/27120\/revisions"}],"predecessor-version":[{"id":30401,"href":"https:\/\/www.afbrno.cz\/fr\/wp-json\/wp\/v2\/kultura\/27120\/revisions\/30401"}],"wp:featuredmedia":[{"embeddable":true,"href":"https:\/\/www.afbrno.cz\/fr\/wp-json\/wp\/v2\/media\/27121"}],"wp:attachment":[{"href":"https:\/\/www.afbrno.cz\/fr\/wp-json\/wp\/v2\/media?parent=27120"}],"wp:term":[{"taxonomy":"zarazeni","embeddable":true,"href":"https:\/\/www.afbrno.cz\/fr\/wp-json\/wp\/v2\/zarazeni?post=27120"}],"curies":[{"name":"wp","href":"https:\/\/api.w.org\/{rel}","templated":true}]}}

Annie se zlobí

<p>Francie,&nbsp;2022,&nbsp;119 min.</p>



<p>Režie: Blandine Lenoir</p>



<p>Hrají: Laure Calamy,&nbsp;Zita Hanrot,&nbsp;Josiane Balasko,&nbsp;Oscar Lesage,&nbsp;Pascale Arbillot,&nbsp;Laurent Stocker,&nbsp;India Hair,&nbsp;Eric Caravaca,&nbsp;Sara Verhagen,&nbsp;Damien Chapelle</p>



<p>Film <strong>Annie se zlobí</strong> (ve  francouzském originále <em>Annie Colère</em>) je inspirovaný skutečnými událostmi. Francouzský venkov roku 1974. Když Annie, pracující matka dvou dospívajících dětí, nečekaně otěhotní, setkává se s&nbsp;lékaři a ženami, kteří bojují za právo na potrat a antikoncepci a provádějí nelegální interrupce zdarma, bezpečně a s&nbsp;respektem. Annie se postupně přidává k&nbsp;jejich komunitě a stává se součástí tvrdého boje, což dává jejímu životu nový smysl.</p>



<p></p>



<p>Film bude uveden v původním francouzském znění s anglickými titulky. Po projekci následuje debata.</p>



<p></p>



<p>Projekce se koná v rámci <a href="https://www.afbrno.cz/zarazeni/filmovy-klub/">filmového klubu Pomezí</a>.</p>



<p></p>



<p>S laskavou podporou Institut français.</p>



<figure class="wp-block-image size-full is-resized"><img loading="lazy" decoding="async" width="852" height="591" src="https://www.afbrno.cz/wp-content/uploads/2024/05/IF_Logo_Sans_Bleu_RVB.png" alt="" class="wp-image-29044" style="width:166px;height:auto" srcset="https://www.afbrno.cz/wp-content/uploads/2024/05/IF_Logo_Sans_Bleu_RVB.png 852w, https://www.afbrno.cz/wp-content/uploads/2024/05/IF_Logo_Sans_Bleu_RVB-460x319.png 460w, https://www.afbrno.cz/wp-content/uploads/2024/05/IF_Logo_Sans_Bleu_RVB-768x533.png 768w" sizes="auto, (max-width: 852px) 100vw, 852px" /></figure>



<p>Za finanční podpory statutárního města Brna.</p>



<figure class="wp-block-image size-full is-resized"><img loading="lazy" decoding="async" width="482" height="217" src="https://www.afbrno.cz/wp-content/uploads/2024/06/Logo-mesto-Brno.png" alt="" class="wp-image-27886" style="width:189px;height:auto" srcset="https://www.afbrno.cz/wp-content/uploads/2024/06/Logo-mesto-Brno.png 482w, https://www.afbrno.cz/wp-content/uploads/2024/06/Logo-mesto-Brno-460x207.png 460w" sizes="auto, (max-width: 482px) 100vw, 482px" /></figure>

<p>Filmový klub</p>
<p>Film inspirovaný skutečnými událostmi z roku 1974.</p>
